 -7*b**3 + 5*b**2 - b - 3. Give c(3).
-150
Let w(c) = 86*c - 776. Give w(9).
-2
Let d(t) = 10*t**2 - 1. Give d(-1).
9
Let s(z) = 9*z**3 + z**2 + z + 1. What is s(-1)?
-8
Let a(z) = -z**2 + 22*z - 118. Determine a(9).
-1
Let c(s) = s**3 + 3*s**2 - 10*s - 43. What is c(-4)?
-19
Let a(w) = 2*w**2 - w - 3. What is a(3)?
12
Let x(z) = z**3 + 21*z**2 + 40*z + 25. Calculate x(-19).
-13
Let w(n) = n**3 - 8*n**2 - n + 10. What is w(8)?
2
Let n(o) = 3*o**2 + 120*o + 47. Determine n(-39).
-70
Let d(y) = 3*y + 2. Give d(0).
2
Let w(l) = -l**2 + 3*l + 3. Give w(4).
-1
Let s(x) = -20*x - 2. What is s(1)?
-22
Let a(s) = s**3 - 5*s + 6. What is a(-3)?
-6
Let d(p) = -p**2 + 29*p + 13. Determine d(29).
13
Let d(o) = 3*o - 8. Give d(8).
16
Let j(n) = 21*n + 13. What is j(-3)?
-50
Let o(t) = t**3 - 4*t**2 - 13*t + 5. Determine o(6).
-1
Let a(b) = -5*b - 19. What is a(0)?
-19
Let x(g) = g**2 - 15*g - 38. Give x(17).
-4
Let d(k) = -k**3 - 24*k**2 + 24*k - 32. Give d(-25).
-7
Let x(f) = -f**3 + f**2 - 24*f + 3. Give x(0).
3
Let u(z) = -4*z**2 - 5*z + 6. Calculate u(-6).
-108
Let x(j) = -j**2 + j - 1. What is x(1)?
-1
Let b(w) = -w**2 + 5*w + 16. Determine b(8).
-8
Let s(m) = -m**3 - 3*m**2 + 5*m + 2. Give s(-4).
-2
Let r(a) = -a**2 + 4*a + 14. Calculate r(6).
2
Let b(n) = -n**3 - 7*n**2 - n - 7. Give b(-7).
0
Let u(m) = 9*m**3 + 2*m - 1. What is u(1)?
10
Let y(c) = -2*c**2 - 12*c + 8. What is y(-7)?
-6
Let l(p) = 3*p - 23. Determine l(10).
7
Let w(g) = 3*g - 1. Calculate w(7).
20
Let q(s) = 30*s - 343. Give q(12).
17
Let s(k) = k**3 - 10*k**2 + 10*k + 13. What is s(9)?
22
Let v(s) = s**3 + 5*s**2 + 4*s + 2. Give v(-2).
6
Let f(a) = 2*a**3 - 11*a**2 - 8*a + 4. Give f(6).
-8
Let f(r) = 7*r + 12. Give f(-4).
-16
Let o(c) = c**3 + 7*c**2 - 2*c + 7. Determine o(-7).
21
Let b(s) = s**2 - 24*s + 66. Calculate b(3).
3
Let k(f) = -9*f - 261. Give k(-28).
-9
Let b(j) = -8*j**2 + 6*j - 7. Give b(4).
-111
Let h(i) = -i**2 - 29*i + 141. Give h(-33).
9
Let n(t) = -4*t**2 + 3*t + 5. Calculate n(4).
-47
Let c(t) = t**3 + t**2 - 2*t - 1. Give c(2).
7
Let b(k) = -8*k**2 - 1. What is b(2)?
-33
Let d(h) = 3*h**3 + 3*h**2 - 2*h. Determine d(2).
32
Let m(a) = a**2 + 6*a + 8. Give m(-4).
0
Let m(x) = x**2 - 10*x + 3. Calculate m(6).
-21
Let b(q) = -5*q**2 - 14*q + 1. Calculate b(-3).
-2
Let q(y) = -22*y**2 + 2*y - 2. Give q(1).
-22
Let n(i) = 2*i**2 - 34*i + 22. Calculate n(16).
-10
Let w(d) = d**2 + 4*d + 3. Determine w(-5).
8
Let s(m) = m**2 + 9*m + 11. Calculate s(-8).
3
Let b(h) = -h**3 + 16*h**2 + 35*h + 18. Give b(18).
0
Let h(z) = z**2 + 4*z + 5. What is h(-4)?
5
Let p(g) = g + 26. Calculate p(-3).
23
Let h(z) = z + 25. What is h(-18)?
7
Let j(h) = -5*h + 47. Give j(15).
-28
Let c(l) = l**2 - 11*l - 7. What is c(11)?
-7
Let f(m) = -m**2 + 5*m - 8. Calculate f(6).
-14
Let t(o) = 3*o. Determine t(9).
27
Let d(k) = 2*k - 14. Calculate d(10).
6
Let k(f) = 2*f**2 + 10*f + 1. Calculate k(-4).
-7
Let m(t) = t**3 - 2*t**2 - 2*t + 21. Determine m(0).
21
Let a(t) = -2*t**2 + 48*t - 1. Calculate a(24).
-1
Let m(x) = 3*x**2 - 12*x - 6. What is m(5)?
9
Let j(x) = -2*x + 6. What is j(-2)?
10
Let d(u) = -u**3 - 20*u**2 + 19*u + 19. What is d(-21)?
61
Let z(g) = -g**2 - 38*g - 80. What is z(-35)?
25
Let o(k) = k**3 + 13*k**2 - 20*k - 3. What is o(-14)?
81
Let q(b) = b**2 - 18*b + 35. Give q(6).
-37
Let j(v) = -43*v - 630. Calculate j(-14).
-28
Let l(i) = 36*i + 228. Give l(-6).
12
Let j(b) = -3*b**3 + 24*b**2 + 2*b - 17. Give j(8).
-1
Let q(d) = d**2 - d - 8. What is q(-3)?
4
Let f(b) = -b + 5. Give f(-27).
32
Let f(g) = 4*g + 31. Calculate f(-12).
-17
Let b(k) = 56*k + 281. Give b(-5).
1
Let l(u) = -12*u**3 - 5*u**2 - 6*u - 2. What is l(-2)?
86
Let a(f) = -2*f**2 + 22*f - 11. Determine a(10).
9
Let m(u) = u**2 + 8*u + 3. What is m(-8)?
3
Let i(d) = -38*d**2 + 2*d + 1. What is i(-1)?
-39
Let y(i) = -66*i - 1256. Give y(-19).
-2
Let r(w) = w**3 - 18*w**2 - 19*w + 37. What is r(19)?
37
Let b(g) = 3*g - 14. Calculate b(6).
4
Let d(l) = l**2 - l + 73. What is d(0)?
73
Let r(v) = 2*v**2 - 25*v - 22. Give r(13).
-9
Let f(c) = -3*c + 16. Determine f(7).
-5
Let y(u) = -u**2 + 14*u - 20. What is y(8)?
28
Let k(o) = -o**3 + 8*o**2 + 9*o - 4. Calculate k(9).
-4
Let u(q) = q**3 - 4*q**2 + 2*q - 2. Determine u(3).
-5
Let v(r) = -13*r + 130. What is v(11)?
-13
Let q(t) = -3*t**2 - 9*t + 7. Calculate q(3).
-47
Let m(o) = -o**3 - 12*o**2 - 20*o - 23. Calculate m(-11).
76
Let t(x) = x**2 - 6*x - 11. Calculate t(7).
-4
Let k(g) = 2*g + 15. Calculate k(-5).
5
Let k(p) = p + 6. Determine k(-10).
-4
Let k(m) = -3*m**2 + 4*m + 6. Give k(5).
-49
Let q(d) = d**3 + 2*d**2 - d - 1. Give q(-3).
-7
Let z(h) = 4*h**3 + 31*h**2 - 7*h + 25. What is z(-8)?
17
Let g(a) = -3*a - 93. Calculate g(-30).
-3
Let p(h) = h**2 - 10*h - 23. Give p(9).
-32
Let n(q) = 3*q**2 + 27*q - 2. Give n(-9).
-2
Let d(a) = -a**3 - a**2 - 5*a - 5. Give d(-2).
9
Let c(g) = g**2 + 21*g + 40. Calculate c(-16).
-40
Let s(w) = -w**3 + 5*w**2 - 13. What is s(4)?
3
Let w(r) = -2*r**2 + 17*r + 56. Calculate w(-3).
-13
Let q(j) = 3*j**3 - 48*j**2 + 2*j - 25. Calculate q(16).
7
Let z(k) = -k**2 + 10*k - 2. What is z(9)?
7
Let q(t) = -t**3 + 4*t**2 - 5*t + 12. Calculate q(4).
-8
Let i(c) = c**2 - 3*c - 21. Give i(7).
7
Let u(x) = -6*x - 7. What is u(-2)?
5
Let r(j) = -j**3 - 12*j**2 - 19*j - 2. Calculate r(-10).
-12
Let g(y) = -3*y - 18. What is g(-3)?
-9
Let r(q) = 10*q - 7. Calculate r(1).
3
Let b(z) = -z**2 - 22*z + 43. Calculate b(-14).
155
Let p(c) = -4*c - 2. Give p(-5).
18
Let l(m) = -m + 17. Calculate l(6).
11
Let g(o) = 61*o**2 - o. Determine g(-1).
62
Let z(p) = p**2 - 3*p - 76. Calculate z(-7).
-6
Let w(d) = -2*d**3 - 15*d**2 + 9*d + 4. Give w(-8).
-4
Let s(y) = -48*y - 292. Give s(-6).
-4
Let a(h) = -7*h + 47. What is a(7)?
-2
Let k(o) = -9*o + 114. Give k(11).
15
Let t(g) = g**3 + 10*g**2 + 10*g + 8. Determine t(-9).
-1
Let x(v) = -8*v + 53. Calculate x(3).
29
Let c(f) = 16*f**3 - f**2 + f - 1. Calculate c(1).
15
Let o(h) = -h**2 - 13*h - 2. Give o(-10).
28
Let j(t) = -3*t**2 + 48*t - 2. Calculate j(16).
-2
Let d(w) = -w**2 - 6*w + 6. What is d(-8)?
-10
Let i(s) = -s**3 - 15*s**2 - 15*s - 6. Calculate i(-14).
8
Let f(n) = -n**3 + 5*n**2 - n - 1. Determine f(4).
11
Let z(s) = -s**3 - 6*s**2 + 10*s + 61. Give z(-6).
1
Let o(f) = f**2 + 17*f - 26. Calculate o(-18).
-8
Let t(h) = -h**2 + 7*h + 39. What is t(10)?
9
Let t(o) = -o + 5. Give t(15).
-10
Let d(y) = -9*y + 42. Give d(4).
6
Let u(v) = v**2 - 7*v - 109. What is u(-7)?
-11
Let j(u) = 18*u + 11. What is j(-4)?
-61
Let s(o) = 2*o + 13. Give s(-6).
1
Let v(s) = s**2 + 2*s. Determine v(-3).
3
Let k(m) = -m**2 + 14*m - 8. Calculate k(11).
25
Let g(j) = -10*j + 2. Give g(1).
-8
Let m(o) = -o**2 - 27*o - 103. Calculate m(-25).
-53
Let p(w) = w + 11. Determine p(-9).
2
Let o(c) = c**3 + 17*c**2 - 19*c + 7. Give o(-18).
25
Let j(k) = 2*k**2 - 12*k + 1. Give j(8).
33
Let m(z) = -z + 12. Give m(15).
-3
Let q(h) = -h**3 - 6*h**2 + 34*h - 59. Determine q(-10).
1
Let c(f) = -f**3 - 5*f**2 - 7*f - 7. What is c(-5)?
28
Let r(d) = d**2 + 26*d - 61. Give r(-28).
-5
Let z(w) = 6*w**2 + w - 2. Calculate z(1).
5
Let n(l) = 53*l - 1. Determine n(1).
52
Let f(u) = -10*u**2 - 5*u - 5. Determine f(-2).
-35
Let q(y) = -103*y**3 + 3*y**2 - 2*y. Calculate q(1).
-102
Let p(o) = -3*o + 5. What is p(-8)?
29
Let d(z) = 32*z**2 + 2*z - 2. Calculate d(1).
32
Let h(d) = -18*d - 7. Determine h(3).
-61
Let k(s) = -s**3 - 10*s**2 - 4*s - 5. Calculate k(-10).
35
Let l(v) = 39*v - 1527. Determine l(39).
-6
Let b(j) = -21*j + 171. What is b(8)?
3
Let p(j) = 71*j + 282. Determine p(-4).
-2
Let x(d) = d**3 + 6*d**2 + 4*d - 5. Give x(-3).
10
Let j(n) = n + 15. What is j(-8)?
7
Let t(p) = -p**3 + 20*p**2 + 5*p - 62. Give t(20).
38
Let m(h) = -3*h**2 - 10. Calculate m(0).
-10
Let k(w) = w**2 - 6*w - 1. What is k(3)?
-10
Let i(c) = -5*c**2 - 2*c + 2. Give i(-2).
-14
Let n(i) = -3*i**2 + 46*i + 10. What is n(15)?
25
Let d(r) = -8*r**2 - r + 7. Give d(-3).
-62
Let b(i) = 3*i + 31. Calculate b(-9).
4
Let s(y) = -y**2 + 3*y + 7. Determine s(5).
-3
Let u(k) = -k**3 + 3*k**2 + 5*k - 5. Give u(5).
-30
Let a(v) = -2*v + 12. Calculate a(2).
8
Let h(q) = -3*q**3 - 34*q**2 + 20*q - 28. Determine h(-12).
20
Let p(x) = -x**3 - x**2 + 3. What is p(-3)?
